{"id":36,"date":"2021-08-30T19:52:27","date_gmt":"2021-08-30T17:52:27","guid":{"rendered":"http:\/\/audio-com.eu\/?page_id=36"},"modified":"2023-07-13T22:17:55","modified_gmt":"2023-07-13T20:17:55","slug":"aktualnosci","status":"publish","type":"page","link":"https:\/\/audio-com.eu\/","title":{"rendered":"To jest wyr\u00f3b medyczny. U\u017cywaj go zgodnie z instrukcj\u0105 u\u017cywania lub etykiet\u0105."},"content":{"rendered":"\n<div class=\"wp-block-group alignfull has-white-color has-white-background-color has-text-color has-background\"><div class=\"wp-block-group__inner-container is-layout-flow wp-block-group-is-layout-flow\">\n<div class=\"wp-block-columns alignwide is-layout-flex wp-container-core-columns-is-layout-9d6595d7 wp-block-columns-is-layout-flex\">\n<div class=\"wp-block-column is-layout-flow wp-block-column-is-layout-flow\">\n<p><\/p>\n<\/div>\n<\/div>\n\n\n\n<div class=\"wp-block-columns alignwide is-layout-flex wp-container-core-columns-is-layout-9d6595d7 wp-block-columns-is-layout-flex\">\n<div class=\"wp-block-column is-layout-flow wp-block-column-is-layout-flow\" style=\"flex-basis:33%\">\n<figure class=\"wp-block-image size-full\"><img loading=\"lazy\" decoding=\"async\" width=\"718\" height=\"384\" src=\"http:\/\/audio-com.eu\/wp-content\/uploads\/2021\/09\/logo-1.jpg\" alt=\"\" class=\"wp-image-96\" srcset=\"https:\/\/audio-com.eu\/wp-content\/uploads\/2021\/09\/logo-1.jpg 718w, https:\/\/audio-com.eu\/wp-content\/uploads\/2021\/09\/logo-1-300x160.jpg 300w\" sizes=\"auto, (max-width: 718px) 100vw, 718px\" \/><\/figure>\n\n\n\n<figure class=\"wp-block-image size-large is-resized\"><img loading=\"lazy\" decoding=\"async\" src=\"http:\/\/audio-com.eu\/wp-content\/uploads\/2021\/09\/41517414_1730762317021764_7216842639914565632_n-1024x768.jpg\" alt=\"\" class=\"wp-image-116\" width=\"238\" height=\"178\" srcset=\"https:\/\/audio-com.eu\/wp-content\/uploads\/2021\/09\/41517414_1730762317021764_7216842639914565632_n-1024x768.jpg 1024w, https:\/\/audio-com.eu\/wp-content\/uploads\/2021\/09\/41517414_1730762317021764_7216842639914565632_n-300x225.jpg 300w, https:\/\/audio-com.eu\/wp-content\/uploads\/2021\/09\/41517414_1730762317021764_7216842639914565632_n-768x576.jpg 768w, https:\/\/audio-com.eu\/wp-content\/uploads\/2021\/09\/41517414_1730762317021764_7216842639914565632_n-1536x1152.jpg 1536w, https:\/\/audio-com.eu\/wp-content\/uploads\/2021\/09\/41517414_1730762317021764_7216842639914565632_n.jpg 2048w\" sizes=\"auto, (max-width: 238px) 100vw, 238px\" \/><\/figure>\n\n\n\n<div style=\"height:1px\" aria-hidden=\"true\" class=\"wp-block-spacer\"><\/div>\n<\/div>\n\n\n\n<div class=\"wp-block-column is-layout-flow wp-block-column-is-layout-flow\" style=\"flex-basis:33.38%\">\n<p class=\"has-text-align-left has-text-color has-normal-font-size\" style=\"color:#000000\">Firma Audio-com powsta\u0142a w<\/p>\n\n\n\n<p class=\"has-text-align-left has-text-color has-normal-font-size\" style=\"color:#000000\"> 2000 roku. Od tego czasu<\/p>\n\n\n\n<p class=\"has-text-align-left has-text-color has-normal-font-size\" style=\"color:#000000\"> zajmujemy si\u0119 kompleksowo <\/p>\n\n\n\n<p class=\"has-text-align-left has-text-color has-normal-font-size\" style=\"color:#000000\">obs\u0142ug\u0105 os\u00f3b \u017ale s\u0142ysz\u0105cych. <\/p>\n\n\n\n<p class=\"has-text-align-left has-text-color has-normal-font-size\" style=\"color:#000000\">Jeste\u015bmy dyplomowanymi <\/p>\n\n\n\n<p class=\"has-text-align-left has-text-color has-normal-font-size\" style=\"color:#000000\">protetykami s\u0142uchu i nieustannie<\/p>\n\n\n\n<p class=\"has-text-align-left has-text-color has-normal-font-size\" style=\"color:#000000\"> podnosimy swoje kwalifikacje.<\/p>\n\n\n\n<p class=\"has-text-align-left has-text-color has-normal-font-size\" style=\"color:#000000\"> Wiedza, wieloletnie <\/p>\n\n\n\n<p class=\"has-text-align-left has-text-color has-normal-font-size\" style=\"color:#000000\">do\u015bwiadczenie oraz <\/p>\n\n\n\n<p class=\"has-text-align-left has-text-color has-normal-font-size\" style=\"color:#000000\">indywidualne podej\u015bcie to co\u015b <\/p>\n\n\n\n<p class=\"has-text-align-left has-text-color has-normal-font-size\" style=\"color:#000000\">co jest obecne w naszej <\/p>\n\n\n\n<p class=\"has-text-align-left has-text-color has-normal-font-size\" style=\"color:#000000\">codziennej pracy.<\/p>\n<\/div>\n\n\n\n<div class=\"wp-block-column is-layout-flow wp-block-column-is-layout-flow\" style=\"flex-basis:33.62%\">\n<figure class=\"wp-block-image size-large\"><img loading=\"lazy\" decoding=\"async\" width=\"1024\" height=\"1024\" src=\"http:\/\/audio-com.eu\/wp-content\/uploads\/2021\/09\/njwRUt_g-1024x1024.jpeg\" alt=\"\" class=\"wp-image-92\" srcset=\"https:\/\/audio-com.eu\/wp-content\/uploads\/2021\/09\/njwRUt_g-1024x1024.jpeg 1024w, https:\/\/audio-com.eu\/wp-content\/uploads\/2021\/09\/njwRUt_g-300x300.jpeg 300w, https:\/\/audio-com.eu\/wp-content\/uploads\/2021\/09\/njwRUt_g-150x150.jpeg 150w, https:\/\/audio-com.eu\/wp-content\/uploads\/2021\/09\/njwRUt_g-768x768.jpeg 768w, https:\/\/audio-com.eu\/wp-content\/uploads\/2021\/09\/njwRUt_g-1536x1536.jpeg 1536w, https:\/\/audio-com.eu\/wp-content\/uploads\/2021\/09\/njwRUt_g.jpeg 2048w\" sizes=\"auto, (max-width: 1024px) 100vw, 1024px\" \/><\/figure>\n<\/div>\n<\/div>\n\n\n\n<div class=\"wp-block-columns alignwide is-layout-flex wp-container-core-columns-is-layout-9d6595d7 wp-block-columns-is-layout-flex\">\n<div class=\"wp-block-column is-layout-flow wp-block-column-is-layout-flow\" style=\"flex-basis:67%\"><div class=\"wp-block-image\">\n<figure class=\"aligncenter size-large is-resized\"><img loading=\"lazy\" decoding=\"async\" src=\"http:\/\/audio-com.eu\/wp-content\/uploads\/2021\/09\/7GnvyglQ-1-1024x768.jpeg\" alt=\"\" class=\"wp-image-94\" width=\"453\" height=\"339\" srcset=\"https:\/\/audio-com.eu\/wp-content\/uploads\/2021\/09\/7GnvyglQ-1-1024x768.jpeg 1024w, https:\/\/audio-com.eu\/wp-content\/uploads\/2021\/09\/7GnvyglQ-1-300x225.jpeg 300w, https:\/\/audio-com.eu\/wp-content\/uploads\/2021\/09\/7GnvyglQ-1-768x576.jpeg 768w, https:\/\/audio-com.eu\/wp-content\/uploads\/2021\/09\/7GnvyglQ-1-1536x1152.jpeg 1536w, https:\/\/audio-com.eu\/wp-content\/uploads\/2021\/09\/7GnvyglQ-1.jpeg 2048w\" sizes=\"auto, (max-width: 453px) 100vw, 453px\" \/><\/figure>\n<\/div><\/div>\n\n\n\n<div class=\"wp-block-column is-vertically-aligned-center is-layout-flow wp-block-column-is-layout-flow\" style=\"flex-basis:33%\">\n<p class=\"has-text-align-left has-black-color has-text-color has-normal-font-size\"><strong>Zakres us\u0142ug:<\/strong><\/p>\n\n\n\n<ul class=\"has-black-color has-text-color wp-block-list\">\n<li> badania s\u0142uchu<\/li>\n\n\n\n<li>dopasowanie aparat\u00f3w s\u0142uchowych<\/li>\n\n\n\n<li>serwis gwarancyjny i pogwarancyjny<\/li>\n\n\n\n<li>wk\u0142adki uszne<\/li>\n\n\n\n<li>ochronniki dla p\u0142ywak\u00f3w<\/li>\n\n\n\n<li>wk\u0142\u0105dki przeciwha\u0142asowe<\/li>\n\n\n\n<li>systemy FM<\/li>\n\n\n\n<li>baterie<\/li>\n\n\n\n<li>akcesoria<\/li>\n<\/ul>\n<\/div>\n<\/div>\n\n\n\n<p><\/p>\n\n\n\n<figure class=\"wp-block-image size-large\"><img loading=\"lazy\" decoding=\"async\" width=\"1024\" height=\"440\" src=\"http:\/\/audio-com.eu\/wp-content\/uploads\/2021\/09\/wP3K7feg-3-1024x440.jpeg\" alt=\"\" class=\"wp-image-115\" srcset=\"https:\/\/audio-com.eu\/wp-content\/uploads\/2021\/09\/wP3K7feg-3-1024x440.jpeg 1024w, https:\/\/audio-com.eu\/wp-content\/uploads\/2021\/09\/wP3K7feg-3-300x129.jpeg 300w, https:\/\/audio-com.eu\/wp-content\/uploads\/2021\/09\/wP3K7feg-3-768x330.jpeg 768w, https:\/\/audio-com.eu\/wp-content\/uploads\/2021\/09\/wP3K7feg-3-1536x659.jpeg 1536w, https:\/\/audio-com.eu\/wp-content\/uploads\/2021\/09\/wP3K7feg-3.jpeg 2048w\" sizes=\"auto, (max-width: 1024px) 100vw, 1024px\" \/><\/figure>\n<\/div><\/div>\n\n\n\n<div class=\"wp-block-columns alignfull has-text-color has-background is-layout-flex wp-container-core-columns-is-layout-9d6595d7 wp-block-columns-is-layout-flex\" style=\"color:#000000;background-color:#ffffff\">\n<div class=\"wp-block-column is-layout-flow wp-block-column-is-layout-flow\">\n<p class=\"has-text-align-center\" style=\"font-size:25px\"><strong>Badania s\u0142uchu<\/strong><\/p>\n\n\n<div class=\"wp-block-image\">\n<figure class=\"aligncenter size-full is-resized\"><img loading=\"lazy\" decoding=\"async\" src=\"http:\/\/audio-com.eu\/wp-content\/uploads\/2021\/09\/Screenshot-2021-09-10-at-10.54.43.png\" alt=\"\" class=\"wp-image-121\" width=\"109\" height=\"102\" srcset=\"https:\/\/audio-com.eu\/wp-content\/uploads\/2021\/09\/Screenshot-2021-09-10-at-10.54.43.png 802w, https:\/\/audio-com.eu\/wp-content\/uploads\/2021\/09\/Screenshot-2021-09-10-at-10.54.43-300x283.png 300w, https:\/\/audio-com.eu\/wp-content\/uploads\/2021\/09\/Screenshot-2021-09-10-at-10.54.43-768x724.png 768w\" sizes=\"auto, (max-width: 109px) 100vw, 109px\" \/><\/figure>\n<\/div>\n\n\n<p class=\"has-text-align-center has-small-font-size\">Badanie s\u0142uchu powinni\u015bmy wykonywa\u0107 kontrolnie raz do roku<\/p>\n<\/div>\n\n\n\n<div class=\"wp-block-column is-layout-flow wp-block-column-is-layout-flow\">\n<p class=\"has-text-align-center\" style=\"font-size:25px\"><strong>Wizyty domowe<\/strong><\/p>\n\n\n<div class=\"wp-block-image\">\n<figure class=\"aligncenter size-full is-resized\"><img loading=\"lazy\" decoding=\"async\" src=\"http:\/\/audio-com.eu\/wp-content\/uploads\/2021\/09\/Screenshot-2021-09-10-at-10.56.05-1.png\" alt=\"\" class=\"wp-image-123\" width=\"113\" height=\"110\" srcset=\"https:\/\/audio-com.eu\/wp-content\/uploads\/2021\/09\/Screenshot-2021-09-10-at-10.56.05-1.png 751w, https:\/\/audio-com.eu\/wp-content\/uploads\/2021\/09\/Screenshot-2021-09-10-at-10.56.05-1-300x294.png 300w\" sizes=\"auto, (max-width: 113px) 100vw, 113px\" \/><\/figure>\n<\/div>\n\n\n<p class=\"has-text-align-center has-small-font-size\">Je\u017celi stan zdrowia nie pozwala na przybycie do naszego gabinetu przyjedziemy bezp\u0142atnie do twojego domu.<\/p>\n<\/div>\n\n\n\n<div class=\"wp-block-column is-layout-flow wp-block-column-is-layout-flow\">\n<p class=\"has-text-align-center\" style=\"font-size:25px\"><strong>Testowanie aparatu s\u0142uchowego<\/strong><\/p>\n\n\n<div class=\"wp-block-image\">\n<figure class=\"aligncenter size-full is-resized\"><img loading=\"lazy\" decoding=\"async\" src=\"http:\/\/audio-com.eu\/wp-content\/uploads\/2021\/09\/Screenshot-2021-09-10-at-10.58.56.png\" alt=\"\" class=\"wp-image-124\" width=\"121\" height=\"116\" srcset=\"https:\/\/audio-com.eu\/wp-content\/uploads\/2021\/09\/Screenshot-2021-09-10-at-10.58.56.png 818w, https:\/\/audio-com.eu\/wp-content\/uploads\/2021\/09\/Screenshot-2021-09-10-at-10.58.56-300x289.png 300w, https:\/\/audio-com.eu\/wp-content\/uploads\/2021\/09\/Screenshot-2021-09-10-at-10.58.56-768x740.png 768w\" sizes=\"auto, (max-width: 121px) 100vw, 121px\" \/><\/figure>\n<\/div>\n\n\n<p class=\"has-text-align-center has-small-font-size\">Wypo\u017cycz bezp\u0142atnie aparaty s\u0142uchowe i sprawd\u017a w warunkach domowych<\/p>\n<\/div>\n<\/div>\n\n\n\n<hr class=\"wp-block-separator has-text-color has-white-color has-css-opacity has-white-background-color has-background is-style-default\"\/>\n\n\n\n<hr class=\"wp-block-separator has-text-color has-white-color has-css-opacity has-white-background-color has-background is-style-default\"\/>\n\n\n\n<div class=\"wp-block-columns is-layout-flex wp-container-core-columns-is-layout-9d6595d7 wp-block-columns-is-layout-flex\">\n<div class=\"wp-block-column is-layout-flow wp-block-column-is-layout-flow\" style=\"flex-basis:100%\">\n<blockquote class=\"wp-block-quote has-text-align-center is-style-default is-layout-flow wp-block-quote-is-layout-flow\">\n<p>Gabinet jest  przystosowany dla potrzeb os\u00f3b niepe\u0142nosprawnych<\/p>\n<\/blockquote>\n<\/div>\n<\/div>\n\n\n\n<div class=\"wp-block-cover alignfull is-light\" style=\"min-height:346px;aspect-ratio:unset;\"><span aria-hidden=\"true\" class=\"wp-block-cover__background has-background-dim-100 has-background-dim\" style=\"background-color:#ffffff\"><\/span><div class=\"wp-block-cover__inner-container is-layout-flow wp-block-cover-is-layout-flow\">\n<div class=\"wp-block-media-text alignwide is-stacked-on-mobile is-vertically-aligned-center\"><figure class=\"wp-block-media-text__media\"><img loading=\"lazy\" decoding=\"async\" width=\"1024\" height=\"881\" src=\"http:\/\/audio-com.eu\/wp-content\/uploads\/2021\/09\/o14upkAA-1024x881.jpeg\" alt=\"\" class=\"wp-image-104 size-full\" srcset=\"https:\/\/audio-com.eu\/wp-content\/uploads\/2021\/09\/o14upkAA-1024x881.jpeg 1024w, https:\/\/audio-com.eu\/wp-content\/uploads\/2021\/09\/o14upkAA-300x258.jpeg 300w, https:\/\/audio-com.eu\/wp-content\/uploads\/2021\/09\/o14upkAA-768x661.jpeg 768w, https:\/\/audio-com.eu\/wp-content\/uploads\/2021\/09\/o14upkAA-1536x1322.jpeg 1536w, https:\/\/audio-com.eu\/wp-content\/uploads\/2021\/09\/o14upkAA.jpeg 1584w\" sizes=\"auto, (max-width: 1024px) 100vw, 1024px\" \/><\/figure><div class=\"wp-block-media-text__content\">\n<p class=\"has-black-color has-text-color\" style=\"font-size:25px\"><strong> Bezp\u0142atne badania s\u0142uchu<\/strong><\/p>\n\n\n\n<hr class=\"wp-block-separator has-text-color has-white-color has-css-opacity has-white-background-color has-background is-style-wide\"\/>\n\n\n\n<div class=\"wp-block-group\"><div class=\"wp-block-group__inner-container is-layout-flow wp-block-group-is-layout-flow\">\n<hr class=\"wp-block-separator has-css-opacity is-style-wide\"\/>\n<\/div><\/div>\n\n\n\n<p><\/p>\n\n\n\n<p class=\"has-text-color\" style=\"color:#000000;font-size:17px\">W Audio-com wykonujemy bezp\u0142atne badania s\u0142uchu oraz porad\u0119  protetyka sluchu. Na&nbsp;<strong>badanie s\u0142uchu<\/strong>&nbsp;mo\u017cna um\u00f3wi\u0107 si\u0119 dzwoni\u0105c na nasz numer telefonu &#8211; <a href=\"tel:+48627427679\">+48 627427679<\/a><\/p>\n\n\n\n<p><\/p>\n\n\n\n<p><\/p>\n\n\n\n<hr class=\"wp-block-separator has-css-opacity\"\/>\n\n\n\n<div class=\"wp-block-columns is-layout-flex wp-container-core-columns-is-layout-9d6595d7 wp-block-columns-is-layout-flex\">\n<div class=\"wp-block-column is-vertically-aligned-bottom is-layout-flow wp-block-column-is-layout-flow\" style=\"flex-basis:100%\">\n<div class=\"wp-block-buttons is-layout-flex wp-block-buttons-is-layout-flex\">\n<div class=\"wp-block-button has-custom-width wp-block-button__width-100 has-custom-font-size is-style-fill\" style=\"font-size:15px\"><a class=\"wp-block-button__link wp-element-button\" href=\"http:\/\/audio-com.eu\/index.php\/badania\/\">Dowiedz si\u0119 wi\u0119cej o badaniach<\/a><\/div>\n<\/div>\n<\/div>\n<\/div>\n<\/div><\/div>\n<\/div><\/div>\n\n\n\n<figure class=\"wp-block-image size-large\"><img loading=\"lazy\" decoding=\"async\" width=\"1024\" height=\"442\" src=\"http:\/\/audio-com.eu\/wp-content\/uploads\/2021\/12\/Screenshot-2021-12-04-at-10.54.31-1024x442.png\" alt=\"\" class=\"wp-image-399\" srcset=\"https:\/\/audio-com.eu\/wp-content\/uploads\/2021\/12\/Screenshot-2021-12-04-at-10.54.31-1024x442.png 1024w, https:\/\/audio-com.eu\/wp-content\/uploads\/2021\/12\/Screenshot-2021-12-04-at-10.54.31-300x130.png 300w, https:\/\/audio-com.eu\/wp-content\/uploads\/2021\/12\/Screenshot-2021-12-04-at-10.54.31-768x332.png 768w, https:\/\/audio-com.eu\/wp-content\/uploads\/2021\/12\/Screenshot-2021-12-04-at-10.54.31.png 1458w\" sizes=\"auto, (max-width: 1024px) 100vw, 1024px\" \/><\/figure>\n\n\n\n<ul class=\"wp-block-social-links has-icon-color has-icon-background-color is-layout-flex wp-block-social-links-is-layout-flex\"><li style=\"color:#ffffff;background-color:#3962e3;\" class=\"wp-social-link wp-social-link-wordpress  wp-block-social-link\"><a href=\"https:\/\/www\" class=\"wp-block-social-link-anchor\"><svg width=\"24\" height=\"24\" viewBox=\"0 0 24 24\" version=\"1.1\" xmlns=\"http:\/\/www.w3.org\/2000\/svg\" aria-hidden=\"true\" focusable=\"false\"><path d=\"M12.158,12.786L9.46,20.625c0.806,0.237,1.657,0.366,2.54,0.366c1.047,0,2.051-0.181,2.986-0.51 c-0.024-0.038-0.046-0.079-0.065-0.124L12.158,12.786z M3.009,12c0,3.559,2.068,6.634,5.067,8.092L3.788,8.341 C3.289,9.459,3.009,10.696,3.009,12z M18.069,11.546c0-1.112-0.399-1.881-0.741-2.48c-0.456-0.741-0.883-1.368-0.883-2.109 c0-0.826,0.627-1.596,1.51-1.596c0.04,0,0.078,0.005,0.116,0.007C16.472,3.904,14.34,3.009,12,3.009 c-3.141,0-5.904,1.612-7.512,4.052c0.211,0.007,0.41,0.011,0.579,0.011c0.94,0,2.396-0.114,2.396-0.114 C7.947,6.93,8.004,7.642,7.52,7.699c0,0-0.487,0.057-1.029,0.085l3.274,9.739l1.968-5.901l-1.401-3.838 C9.848,7.756,9.389,7.699,9.389,7.699C8.904,7.67,8.961,6.93,9.446,6.958c0,0,1.484,0.114,2.368,0.114 c0.94,0,2.397-0.114,2.397-0.114c0.485-0.028,0.542,0.684,0.057,0.741c0,0-0.488,0.057-1.029,0.085l3.249,9.665l0.897-2.996 C17.841,13.284,18.069,12.316,18.069,11.546z M19.889,7.686c0.039,0.286,0.06,0.593,0.06,0.924c0,0.912-0.171,1.938-0.684,3.22 l-2.746,7.94c2.673-1.558,4.47-4.454,4.47-7.771C20.991,10.436,20.591,8.967,19.889,7.686z M12,22C6.486,22,2,17.514,2,12 C2,6.486,6.486,2,12,2c5.514,0,10,4.486,10,10C22,17.514,17.514,22,12,22z\"><\/path><\/svg><span class=\"wp-block-social-link-label screen-reader-text\">WordPress<\/span><\/a><\/li>\n\n<li style=\"color:#ffffff;background-color:#3962e3;\" class=\"wp-social-link wp-social-link-chain  wp-block-social-link\"><a href=\"#\" class=\"wp-block-social-link-anchor\"><svg width=\"24\" height=\"24\" viewBox=\"0 0 24 24\" version=\"1.1\" xmlns=\"http:\/\/www.w3.org\/2000\/svg\" aria-hidden=\"true\" focusable=\"false\"><path d=\"M15.6,7.2H14v1.5h1.6c2,0,3.7,1.7,3.7,3.7s-1.7,3.7-3.7,3.7H14v1.5h1.6c2.8,0,5.2-2.3,5.2-5.2,0-2.9-2.3-5.2-5.2-5.2zM4.7,12.4c0-2,1.7-3.7,3.7-3.7H10V7.2H8.4c-2.9,0-5.2,2.3-5.2,5.2,0,2.9,2.3,5.2,5.2,5.2H10v-1.5H8.4c-2,0-3.7-1.7-3.7-3.7zm4.6.9h5.3v-1.5H9.3v1.5z\"><\/path><\/svg><span class=\"wp-block-social-link-label screen-reader-text\">Link<\/span><\/a><\/li>\n\n<li style=\"color:#ffffff;background-color:#3962e3;\" class=\"wp-social-link wp-social-link-mail  wp-block-social-link\"><a href=\"#\" class=\"wp-block-social-link-anchor\"><svg width=\"24\" height=\"24\" viewBox=\"0 0 24 24\" version=\"1.1\" xmlns=\"http:\/\/www.w3.org\/2000\/svg\" aria-hidden=\"true\" focusable=\"false\"><path d=\"M19,5H5c-1.1,0-2,.9-2,2v10c0,1.1.9,2,2,2h14c1.1,0,2-.9,2-2V7c0-1.1-.9-2-2-2zm.5,12c0,.3-.2.5-.5.5H5c-.3,0-.5-.2-.5-.5V9.8l7.5,5.6,7.5-5.6V17zm0-9.1L12,13.6,4.5,7.9V7c0-.3.2-.5.5-.5h14c.3,0,.5.2.5.5v.9z\"><\/path><\/svg><span class=\"wp-block-social-link-label screen-reader-text\">Mail<\/span><\/a><\/li><\/ul>\n\n\n\n<p><\/p>\n","protected":false},"excerpt":{"rendered":"<p>Firma Audio-com powsta\u0142a w 2000 roku. Od tego czasu zajmujemy si\u0119 kompleksowo obs\u0142ug\u0105 os\u00f3b \u017ale s\u0142ysz\u0105cych. Jeste\u015bmy dyplomowanymi protetykami s\u0142uchu i nieustannie podnosimy swoje kwalifikacje. Wiedza, wieloletnie do\u015bwiadczenie oraz indywidualne podej\u015bcie to co\u015b co jest obecne w naszej codziennej pracy. Zakres us\u0142ug: Badania s\u0142uchu Badanie s\u0142uchu powinni\u015bmy wykonywa\u0107 kontrolnie raz do roku Wizyty domowe Je\u017celi [&hellip;]<\/p>\n","protected":false},"author":1,"featured_media":0,"parent":0,"menu_order":0,"comment_status":"closed","ping_status":"closed","template":"","meta":{"footnotes":""},"class_list":["post-36","page","type-page","status-publish","hentry"],"_links":{"self":[{"href":"https:\/\/audio-com.eu\/index.php\/wp-json\/wp\/v2\/pages\/36","targetHints":{"allow":["GET"]}}],"collection":[{"href":"https:\/\/audio-com.eu\/index.php\/wp-json\/wp\/v2\/pages"}],"about":[{"href":"https:\/\/audio-com.eu\/index.php\/wp-json\/wp\/v2\/types\/page"}],"author":[{"embeddable":true,"href":"https:\/\/audio-com.eu\/index.php\/wp-json\/wp\/v2\/users\/1"}],"replies":[{"embeddable":true,"href":"https:\/\/audio-com.eu\/index.php\/wp-json\/wp\/v2\/comments?post=36"}],"version-history":[{"count":54,"href":"https:\/\/audio-com.eu\/index.php\/wp-json\/wp\/v2\/pages\/36\/revisions"}],"predecessor-version":[{"id":526,"href":"https:\/\/audio-com.eu\/index.php\/wp-json\/wp\/v2\/pages\/36\/revisions\/526"}],"wp:attachment":[{"href":"https:\/\/audio-com.eu\/index.php\/wp-json\/wp\/v2\/media?parent=36"}],"curies":[{"name":"wp","href":"https:\/\/api.w.org\/{rel}","templated":true}]}}